{"id":2413,"date":"2013-04-04T12:42:07","date_gmt":"2013-04-04T12:42:07","guid":{"rendered":"http:\/\/brascri.amgarts.ch\/?page_id=2413"},"modified":"2023-11-09T13:50:32","modified_gmt":"2023-11-09T16:50:32","slug":"nossa-historia","status":"publish","type":"page","link":"https:\/\/brascri.org.br\/pt\/conheca\/nossa-historia\/","title":{"rendered":"Nossa hist\u00f3ria"},"content":{"rendered":"<p>A<strong> BRASCRI \u2013 Associa\u00e7\u00e3o Brasil Crian\u00e7a<\/strong> \u00e9 uma organiza\u00e7\u00e3o n\u00e3o governamental, sem fins lucrativos, que mant\u00e9m servi\u00e7os s\u00f3cio-assistenciais e s\u00f3cio-educativos para crian\u00e7as surdas, adolescentes, &nbsp;jovens e suas fam\u00edlias que vivem em situa\u00e7\u00e3o de &nbsp;risco e vulnerabilidade social colaborando, atrav\u00e9s de medidas preventivas e de promo\u00e7\u00e3o do fortalecimento de v\u00ednculos, no processo de busca da autonomia, inclus\u00e3o social e oportunidades. &nbsp;A iniciativa e realiza\u00e7\u00e3o partiram do pastor su\u00ed\u00e7o <strong>Hans J\u00fcrgen Martin<\/strong> e sua esposa <strong>Margrit Martin<\/strong>, e \u00e9 mantida por doadores europeus e brasileiros.<\/p>\n<p>Sua cria\u00e7\u00e3o aconteceu a partir do Instituto Dona Concei\u00e7\u00e3o que foi fundado h\u00e1 cerca de 25 anos, por um m\u00e9dico italiano especialista em surdez.<\/p>\n<p>Houve tempo nos quais ele chegou a atender at\u00e9 100 crian\u00e7as com defici\u00eancia auditiva. Funcionou razoavelmente bem, at\u00e9 os anos 80. Com as mudan\u00e7as pol\u00edticas e econ\u00f4micas, os recursos foram ficando escassos. O Instituto come\u00e7ou a passar grandes dificuldades e em outubro de 1991 quase fechou. Restaram apenas 11 crian\u00e7as e 2 funcion\u00e1rios. Por esta raz\u00e3o, o servi\u00e7o foi interrompido e as crian\u00e7as restantes permaneceram somente para n\u00e3o serem encaminhadas para lares superlotados.<\/p>\n<p>O pastor Hans J\u00fcrgen Martin e sua esposa, que sempre estiveram envolvidos com os problemas sociais de crian\u00e7as e jovens brasileiros, e que, em 1981 chegaram ao Brasil para assumir a par\u00f3quia da Comunidade Su\u00ed\u00e7a de S\u00e3o Paulo, foram informados pela Vara da Inf\u00e2ncia e Juventude de Santo Amaro dessa situa\u00e7\u00e3o prec\u00e1ria. Desde ent\u00e3o, o pastor e sua esposa apoiam esses programas em termos materiais e imateriais. Gra\u00e7as \u00e0s doa\u00e7\u00f5es do Brasil e da Su\u00ed\u00e7a o fechamento do lar foi evitado.<\/p>\n<p>Em 11\/08\/1993 foi fundada a <strong>BRASCRI<\/strong>.<\/p>\n\n\n<div class=\"wp-block-columns\">\n<div class=\"wp-block-column\" style=\"flex-basis:100%\"><\/div>\n<\/div>\n","protected":false},"excerpt":{"rendered":"<p>A BRASCRI \u2013 Associa\u00e7\u00e3o Brasil Crian\u00e7a \u00e9 uma organiza\u00e7\u00e3o n\u00e3o governamental, sem fins lucrativos, que mant\u00e9m servi\u00e7os s\u00f3cio-assistenciais e s\u00f3cio-educativos para crian\u00e7as surdas, adolescentes, &nbsp;jovens e suas fam\u00edlias que vivem em situa\u00e7\u00e3o de &nbsp;risco e vulnerabilidade social colaborando, atrav\u00e9s de medidas preventivas e de promo\u00e7\u00e3o do fortalecimento de v\u00ednculos, no processo de busca da autonomia, inclus\u00e3o social e oportunidades. &nbsp;A iniciativa e realiza\u00e7\u00e3o partiram do pastor su\u00ed\u00e7o Hans J\u00fcrgen Martin e sua esposa Margrit Martin, e \u00e9 mantida por doadores europeus e brasileiros. Sua cria\u00e7\u00e3o aconteceu a partir do Instituto Dona Concei\u00e7\u00e3o que foi fundado h\u00e1 cerca de 25 anos, por um m\u00e9dico italiano especialista em surdez. Houve tempo nos quais ele chegou a atender at\u00e9 100 crian\u00e7as com defici\u00eancia auditiva. Funcionou razoavelmente bem, at\u00e9 os anos 80. Com as mudan\u00e7as pol\u00edticas e econ\u00f4micas, os recursos foram ficando escassos. O Instituto come\u00e7ou a passar grandes dificuldades e em outubro de 1991 quase fechou. Restaram apenas 11 crian\u00e7as e 2 funcion\u00e1rios. Por esta raz\u00e3o, o servi\u00e7o foi interrompido e as crian\u00e7as restantes permaneceram somente para n\u00e3o serem encaminhadas para lares superlotados. O pastor Hans J\u00fcrgen Martin e sua esposa, que sempre estiveram envolvidos com os problemas sociais de crian\u00e7as e jovens brasileiros, e que, em 1981 chegaram ao Brasil para assumir a par\u00f3quia da Comunidade Su\u00ed\u00e7a de S\u00e3o Paulo, foram informados pela Vara da Inf\u00e2ncia e Juventude de Santo Amaro dessa situa\u00e7\u00e3o prec\u00e1ria. Desde ent\u00e3o, o pastor e sua esposa apoiam esses programas em termos materiais e imateriais. Gra\u00e7as \u00e0s doa\u00e7\u00f5es do Brasil e da Su\u00ed\u00e7a o fechamento do lar foi evitado. Em 11\/08\/1993 foi fundada a BRASCRI.<\/p>\n","protected":false},"author":1,"featured_media":0,"parent":2143,"menu_order":0,"comment_status":"open","ping_status":"open","template":"","meta":[],"_links":{"self":[{"href":"https:\/\/brascri.org.br\/pt\/wp-json\/wp\/v2\/pages\/2413"}],"collection":[{"href":"https:\/\/brascri.org.br\/pt\/wp-json\/wp\/v2\/pages"}],"about":[{"href":"https:\/\/brascri.org.br\/pt\/wp-json\/wp\/v2\/types\/page"}],"author":[{"embeddable":true,"href":"https:\/\/brascri.org.br\/pt\/wp-json\/wp\/v2\/users\/1"}],"replies":[{"embeddable":true,"href":"https:\/\/brascri.org.br\/pt\/wp-json\/wp\/v2\/comments?post=2413"}],"version-history":[{"count":46,"href":"https:\/\/brascri.org.br\/pt\/wp-json\/wp\/v2\/pages\/2413\/revisions"}],"predecessor-version":[{"id":5576,"href":"https:\/\/brascri.org.br\/pt\/wp-json\/wp\/v2\/pages\/2413\/revisions\/5576"}],"up":[{"embeddable":true,"href":"https:\/\/brascri.org.br\/pt\/wp-json\/wp\/v2\/pages\/2143"}],"wp:attachment":[{"href":"https:\/\/brascri.org.br\/pt\/wp-json\/wp\/v2\/media?parent=2413"}],"curies":[{"name":"wp","href":"https:\/\/api.w.org\/{rel}","templated":true}]}}

Nossa história

<p>A<strong> BRASCRI – Associação Brasil Criança</strong> é uma organização não governamental, sem fins lucrativos, que mantém serviços sócio-assistenciais e sócio-educativos para crianças surdas, adolescentes, &nbsp;jovens e suas famílias que vivem em situação de &nbsp;risco e vulnerabilidade social colaborando, através de medidas preventivas e de promoção do fortalecimento de vínculos, no processo de busca da autonomia, inclusão social e oportunidades. &nbsp;A iniciativa e realização partiram do pastor suíço <strong>Hans Jürgen Martin</strong> e sua esposa <strong>Margrit Martin</strong>, e é mantida por doadores europeus e brasileiros.</p>
<p>Sua criação aconteceu a partir do Instituto Dona Conceição que foi fundado há cerca de 25 anos, por um médico italiano especialista em surdez.</p>
<p>Houve tempo nos quais ele chegou a atender até 100 crianças com deficiência auditiva. Funcionou razoavelmente bem, até os anos 80. Com as mudanças políticas e econômicas, os recursos foram ficando escassos. O Instituto começou a passar grandes dificuldades e em outubro de 1991 quase fechou. Restaram apenas 11 crianças e 2 funcionários. Por esta razão, o serviço foi interrompido e as crianças restantes permaneceram somente para não serem encaminhadas para lares superlotados.</p>
<p>O pastor Hans Jürgen Martin e sua esposa, que sempre estiveram envolvidos com os problemas sociais de crianças e jovens brasileiros, e que, em 1981 chegaram ao Brasil para assumir a paróquia da Comunidade Suíça de São Paulo, foram informados pela Vara da Infância e Juventude de Santo Amaro dessa situação precária. Desde então, o pastor e sua esposa apoiam esses programas em termos materiais e imateriais. Graças às doações do Brasil e da Suíça o fechamento do lar foi evitado.</p>
<p>Em 11/08/1993 foi fundada a <strong>BRASCRI</strong>.</p>


<div class="wp-block-columns">
<div class="wp-block-column" style="flex-basis:100%"></div>
</div>

<p>A BRASCRI – Associação Brasil Criança é uma organização não governamental, sem fins lucrativos, que mantém serviços sócio-assistenciais e sócio-educativos para crianças surdas, adolescentes, &nbsp;jovens e suas famílias que vivem em situação de &nbsp;risco e vulnerabilidade social colaborando, através de medidas preventivas e de promoção do fortalecimento de vínculos, no processo de busca da autonomia, inclusão social e oportunidades. &nbsp;A iniciativa e realização partiram do pastor suíço Hans Jürgen Martin e sua esposa Margrit Martin, e é mantida por doadores europeus e brasileiros. Sua criação aconteceu a partir do Instituto Dona Conceição que foi fundado há cerca de 25 anos, por um médico italiano especialista em surdez. Houve tempo nos quais ele chegou a atender até 100 crianças com deficiência auditiva. Funcionou razoavelmente bem, até os anos 80. Com as mudanças políticas e econômicas, os recursos foram ficando escassos. O Instituto começou a passar grandes dificuldades e em outubro de 1991 quase fechou. Restaram apenas 11 crianças e 2 funcionários. Por esta razão, o serviço foi interrompido e as crianças restantes permaneceram somente para não serem encaminhadas para lares superlotados. O pastor Hans Jürgen Martin e sua esposa, que sempre estiveram envolvidos com os problemas sociais de crianças e jovens brasileiros, e que, em 1981 chegaram ao Brasil para assumir a paróquia da Comunidade Suíça de São Paulo, foram informados pela Vara da Infância e Juventude de Santo Amaro dessa situação precária. Desde então, o pastor e sua esposa apoiam esses programas em termos materiais e imateriais. Graças às doações do Brasil e da Suíça o fechamento do lar foi evitado. Em 11/08/1993 foi fundada a BRASCRI.</p>
